{"id":3549,"date":"2023-03-08T20:57:05","date_gmt":"2023-03-08T20:57:05","guid":{"rendered":"http:\/\/unionodontologia.com\/?page_id=3549"},"modified":"2023-03-17T19:23:35","modified_gmt":"2023-03-17T19:23:35","slug":"prevencao","status":"publish","type":"page","link":"https:\/\/unionodontologia.com\/?page_id=3549","title":{"rendered":"Preven\u00e7\u00e3o"},"content":{"rendered":"\t\t<div data-elementor-type=\"wp-page\" data-elementor-id=\"3549\" class=\"elementor elementor-3549\">\n\t\t\t\t\t\t\t\t\t<section class=\"elementor-section elementor-top-section elementor-element elementor-element-21826378 elementor-section-content-middle elementor-section-full_width elementor-reverse-mobile elementor-reverse-tablet elementor-section-stretched elementor-section-height-default elementor-section-height-default\" data-id=\"21826378\" data-element_type=\"section\" data-settings=\"{&quot;background_background&quot;:&quot;classic&quot;,&quot;stretch_section&quot;:&quot;section-stretched&quot;}\">\n\t\t\t\t\t\t<div class=\"elementor-container elementor-column-gap-no\">\n\t\t\t\t\t<div class=\"elementor-column elementor-col-50 elementor-top-column elementor-element elementor-element-204b1387\" data-id=\"204b1387\" data-element_type=\"column\">\n\t\t\t<div class=\"elementor-widget-wrap elementor-element-populated\">\n\t\t\t\t\t\t\t\t<div class=\"elementor-element elementor-element-47b957b6 elementor-widget elementor-widget-image\" data-id=\"47b957b6\" data-element_type=\"widget\" data-widget_type=\"image.default\">\n\t\t\t\t<div class=\"elementor-widget-container\">\n\t\t\t<style>\/*! elementor - v3.6.7 - 03-07-2022 *\/\n.elementor-widget-image{text-align:center}.elementor-widget-image a{display:inline-block}.elementor-widget-image a img[src$=\".svg\"]{width:48px}.elementor-widget-image img{vertical-align:middle;display:inline-block}<\/style>\t\t\t\t\t\t\t\t\t\t\t\t<img loading=\"lazy\" decoding=\"async\" width=\"683\" height=\"1024\" src=\"https:\/\/unionodontologia.com\/wp-content\/uploads\/2023\/03\/sem-t\u00edtulo-20-683x1024.jpg\" class=\"attachment-large size-large\" alt=\"\" srcset=\"https:\/\/unionodontologia.com\/wp-content\/uploads\/2023\/03\/sem-t\u00edtulo-20-683x1024.jpg 683w, https:\/\/unionodontologia.com\/wp-content\/uploads\/2023\/03\/sem-t\u00edtulo-20-200x300.jpg 200w, https:\/\/unionodontologia.com\/wp-content\/uploads\/2023\/03\/sem-t\u00edtulo-20-768x1152.jpg 768w, https:\/\/unionodontologia.com\/wp-content\/uploads\/2023\/03\/sem-t\u00edtulo-20-920x1380.jpg 920w, https:\/\/unionodontologia.com\/wp-content\/uploads\/2023\/03\/sem-t\u00edtulo-20-230x345.jpg 230w, https:\/\/unionodontologia.com\/wp-content\/uploads\/2023\/03\/sem-t\u00edtulo-20-350x525.jpg 350w, https:\/\/unionodontologia.com\/wp-content\/uploads\/2023\/03\/sem-t\u00edtulo-20-480x720.jpg 480w\" sizes=\"auto, (max-width: 683px) 100vw, 683px\" \/>\t\t\t\t\t\t\t\t\t\t\t\t\t\t\t<\/div>\n\t\t\t\t<\/div>\n\t\t\t\t\t<\/div>\n\t\t<\/div>\n\t\t\t\t<div class=\"elementor-column elementor-col-50 elementor-top-column elementor-element elementor-element-27e0efd2\" data-id=\"27e0efd2\" data-element_type=\"column\">\n\t\t\t<div class=\"elementor-widget-wrap elementor-element-populated\">\n\t\t\t\t\t\t\t\t<div class=\"elementor-element elementor-element-15ebb0b5 elementor-widget elementor-widget-text-editor\" data-id=\"15ebb0b5\" data-element_type=\"widget\" data-widget_type=\"text-editor.default\">\n\t\t\t\t<div class=\"elementor-widget-container\">\n\t\t\t<style>\/*! elementor - v3.6.7 - 03-07-2022 *\/\n.elementor-widget-text-editor.elementor-drop-cap-view-stacked .elementor-drop-cap{background-color:#818a91;color:#fff}.elementor-widget-text-editor.elementor-drop-cap-view-framed .elementor-drop-cap{color:#818a91;border:3px solid;background-color:transparent}.elementor-widget-text-editor:not(.elementor-drop-cap-view-default) .elementor-drop-cap{margin-top:8px}.elementor-widget-text-editor:not(.elementor-drop-cap-view-default) .elementor-drop-cap-letter{width:1em;height:1em}.elementor-widget-text-editor .elementor-drop-cap{float:left;text-align:center;line-height:1;font-size:50px}.elementor-widget-text-editor .elementor-drop-cap-letter{display:inline-block}<\/style>\t\t\t\t<p><span style=\"font-size: 28.0pt; line-height: 107%;\">Quem de n\u00f3s nunca ouviu que prevenir \u00e9 melhor que remediar?\u00a0<\/span><\/p><p>Falar parece sempre mais f\u00e1cil, n\u00e9? Mas o ditado, por mais batido que seja, tem sua raz\u00e3o de ser e est\u00e1 muito correto.<\/p>\t\t\t\t\t\t<\/div>\n\t\t\t\t<\/div>\n\t\t\t\t\t<\/div>\n\t\t<\/div>\n\t\t\t\t\t\t\t<\/div>\n\t\t<\/section>\n\t\t\t\t<section class=\"elementor-section elementor-top-section elementor-element elementor-element-3dbf90f9 elementor-section-content-middle elementor-section-full_width elementor-section-stretched elementor-section-height-default elementor-section-height-default\" data-id=\"3dbf90f9\" data-element_type=\"section\" data-settings=\"{&quot;background_background&quot;:&quot;classic&quot;,&quot;stretch_section&quot;:&quot;section-stretched&quot;}\">\n\t\t\t\t\t\t<div class=\"elementor-container elementor-column-gap-no\">\n\t\t\t\t\t<div class=\"elementor-column elementor-col-50 elementor-top-column elementor-element elementor-element-8f8f8bf\" data-id=\"8f8f8bf\" data-element_type=\"column\">\n\t\t\t<div class=\"elementor-widget-wrap elementor-element-populated\">\n\t\t\t\t\t\t\t\t<div class=\"elementor-element elementor-element-5e4578e8 elementor-widget elementor-widget-text-editor\" data-id=\"5e4578e8\" data-element_type=\"widget\" data-widget_type=\"text-editor.default\">\n\t\t\t\t<div class=\"elementor-widget-container\">\n\t\t\t\t\t\t\t<p>\u00a0 \u00a0 Na odontologia, durante muito tempo o senso comum era o seguinte: \u201cAh&#8230; meu dentista \u00e9 muito bom. Toda vez que TENHO UM PROBLEMA vou at\u00e9 ele pra resolver\u201d.<\/p>\t\t\t\t\t\t<\/div>\n\t\t\t\t<\/div>\n\t\t\t\t\t<\/div>\n\t\t<\/div>\n\t\t\t\t<div class=\"elementor-column elementor-col-50 elementor-top-column elementor-element elementor-element-3b0d37e7\" data-id=\"3b0d37e7\" data-element_type=\"column\">\n\t\t\t<div class=\"elementor-widget-wrap elementor-element-populated\">\n\t\t\t\t\t\t\t\t<div class=\"elementor-element elementor-element-551448ca elementor-widget elementor-widget-image\" data-id=\"551448ca\" data-element_type=\"widget\" data-widget_type=\"image.default\">\n\t\t\t\t<div class=\"elementor-widget-container\">\n\t\t\t\t\t\t\t\t\t\t\t\t\t\t\t<img loading=\"lazy\" decoding=\"async\" width=\"942\" height=\"1024\" src=\"https:\/\/unionodontologia.com\/wp-content\/uploads\/2023\/03\/portrait-g63a60a47b_1920-942x1024.jpg\" class=\"attachment-large size-large\" alt=\"\" srcset=\"https:\/\/unionodontologia.com\/wp-content\/uploads\/2023\/03\/portrait-g63a60a47b_1920-942x1024.jpg 942w, https:\/\/unionodontologia.com\/wp-content\/uploads\/2023\/03\/portrait-g63a60a47b_1920-276x300.jpg 276w, https:\/\/unionodontologia.com\/wp-content\/uploads\/2023\/03\/portrait-g63a60a47b_1920-768x835.jpg 768w, https:\/\/unionodontologia.com\/wp-content\/uploads\/2023\/03\/portrait-g63a60a47b_1920-920x1000.jpg 920w, https:\/\/unionodontologia.com\/wp-content\/uploads\/2023\/03\/portrait-g63a60a47b_1920-230x250.jpg 230w, https:\/\/unionodontologia.com\/wp-content\/uploads\/2023\/03\/portrait-g63a60a47b_1920-350x381.jpg 350w, https:\/\/unionodontologia.com\/wp-content\/uploads\/2023\/03\/portrait-g63a60a47b_1920-480x522.jpg 480w, https:\/\/unionodontologia.com\/wp-content\/uploads\/2023\/03\/portrait-g63a60a47b_1920.jpg 1766w\" sizes=\"auto, (max-width: 942px) 100vw, 942px\" \/>\t\t\t\t\t\t\t\t\t\t\t\t\t\t\t<\/div>\n\t\t\t\t<\/div>\n\t\t\t\t\t<\/div>\n\t\t<\/div>\n\t\t\t\t\t\t\t<\/div>\n\t\t<\/section>\n\t\t\t\t<section class=\"elementor-section elementor-top-section elementor-element elementor-element-29b4d878 elementor-section-content-middle elementor-section-full_width elementor-reverse-mobile elementor-section-stretched elementor-section-height-default elementor-section-height-default\" data-id=\"29b4d878\" data-element_type=\"section\" data-settings=\"{&quot;background_background&quot;:&quot;classic&quot;,&quot;stretch_section&quot;:&quot;section-stretched&quot;}\">\n\t\t\t\t\t\t<div class=\"elementor-container elementor-column-gap-no\">\n\t\t\t\t\t<div class=\"elementor-column elementor-col-50 elementor-top-column elementor-element elementor-element-48b1704\" data-id=\"48b1704\" data-element_type=\"column\">\n\t\t\t<div class=\"elementor-widget-wrap elementor-element-populated\">\n\t\t\t\t\t\t\t\t<div class=\"elementor-element elementor-element-7aa40b29 elementor-widget elementor-widget-image\" data-id=\"7aa40b29\" data-element_type=\"widget\" data-widget_type=\"image.default\">\n\t\t\t\t<div class=\"elementor-widget-container\">\n\t\t\t\t\t\t\t\t\t\t\t\t\t\t\t<img loading=\"lazy\" decoding=\"async\" width=\"1024\" height=\"806\" src=\"https:\/\/unionodontologia.com\/wp-content\/uploads\/2023\/03\/mother-g7c03d4b19_1280-1024x806.jpg\" class=\"attachment-large size-large\" alt=\"\" srcset=\"https:\/\/unionodontologia.com\/wp-content\/uploads\/2023\/03\/mother-g7c03d4b19_1280-1024x806.jpg 1024w, https:\/\/unionodontologia.com\/wp-content\/uploads\/2023\/03\/mother-g7c03d4b19_1280-300x236.jpg 300w, https:\/\/unionodontologia.com\/wp-content\/uploads\/2023\/03\/mother-g7c03d4b19_1280-768x605.jpg 768w, https:\/\/unionodontologia.com\/wp-content\/uploads\/2023\/03\/mother-g7c03d4b19_1280-920x725.jpg 920w, https:\/\/unionodontologia.com\/wp-content\/uploads\/2023\/03\/mother-g7c03d4b19_1280-230x181.jpg 230w, https:\/\/unionodontologia.com\/wp-content\/uploads\/2023\/03\/mother-g7c03d4b19_1280-350x276.jpg 350w, https:\/\/unionodontologia.com\/wp-content\/uploads\/2023\/03\/mother-g7c03d4b19_1280-480x378.jpg 480w, https:\/\/unionodontologia.com\/wp-content\/uploads\/2023\/03\/mother-g7c03d4b19_1280.jpg 1280w\" sizes=\"auto, (max-width: 1024px) 100vw, 1024px\" \/>\t\t\t\t\t\t\t\t\t\t\t\t\t\t\t<\/div>\n\t\t\t\t<\/div>\n\t\t\t\t\t<\/div>\n\t\t<\/div>\n\t\t\t\t<div class=\"elementor-column elementor-col-50 elementor-top-column elementor-element elementor-element-4e4a36f9\" data-id=\"4e4a36f9\" data-element_type=\"column\">\n\t\t\t<div class=\"elementor-widget-wrap elementor-element-populated\">\n\t\t\t\t\t\t\t\t<div class=\"elementor-element elementor-element-4f730106 elementor-widget elementor-widget-text-editor\" data-id=\"4f730106\" data-element_type=\"widget\" data-widget_type=\"text-editor.default\">\n\t\t\t\t<div class=\"elementor-widget-container\">\n\t\t\t\t\t\t\t<p>\u00a0 \u00a0 Hoje em dia, a ideia de procurar seu dentista apenas ap\u00f3s a detec\u00e7\u00e3o de um problema pode n\u00e3o ser a ideal. Batemos bastante na tecla da preven\u00e7\u00e3o e ela \u00e9 importante para mudarmos esse senso. O objetivo hoje seria um pensamento diferente: \u201cMe sinto muito bem com meu dentista. Frequento o consult\u00f3rio regularmente para que N\u00c3O TENHA NENHUM PROBLEMA.\u201d<\/p><p>\u00a0 \u00a0 Isso mesmo. A gente n\u00e3o pode achar que seja poss\u00edvel passar pela vida sem que tenhamos problemas, mas vou te contar um segredo: com seus dentes \u00e9 o contr\u00e1rio. Hoje n\u00f3s temos trabalhos e muitas pesquisas que nos mostram que cuidando de maneira correta, podemos viver uma longa vida sem que tenhamos sequer uma les\u00e3o cariosa.<\/p>\t\t\t\t\t\t<\/div>\n\t\t\t\t<\/div>\n\t\t\t\t\t<\/div>\n\t\t<\/div>\n\t\t\t\t\t\t\t<\/div>\n\t\t<\/section>\n\t\t\t\t<section class=\"elementor-section elementor-top-section elementor-element elementor-element-4cde69 elementor-section-content-middle elementor-section-full_width elementor-section-stretched elementor-section-height-default elementor-section-height-default\" data-id=\"4cde69\" data-element_type=\"section\" data-settings=\"{&quot;background_background&quot;:&quot;classic&quot;,&quot;stretch_section&quot;:&quot;section-stretched&quot;}\">\n\t\t\t\t\t\t<div class=\"elementor-container elementor-column-gap-no\">\n\t\t\t\t\t<div class=\"elementor-column elementor-col-50 elementor-top-column elementor-element elementor-element-1d10f0e9\" data-id=\"1d10f0e9\" data-element_type=\"column\">\n\t\t\t<div class=\"elementor-widget-wrap elementor-element-populated\">\n\t\t\t\t\t\t\t\t<div class=\"elementor-element elementor-element-32f9ac62 elementor-widget elementor-widget-text-editor\" data-id=\"32f9ac62\" data-element_type=\"widget\" data-widget_type=\"text-editor.default\">\n\t\t\t\t<div class=\"elementor-widget-container\">\n\t\t\t\t\t\t\t<p>\u00a0 \u00a0 Parece imposs\u00edvel? Saiba que n\u00e3o \u00e9. Mas a\u00ed voc\u00ea pode se perguntar: \u201c Ok&#8230; mas eu que j\u00e1 tenho in\u00fameros problemas ou j\u00e1 fiz v\u00e1rios tratamentos&#8230; como eu fico?\u201d<\/p><p>\u00a0 \u00a0 N\u00e3o se preocupe. A ideia de preven\u00e7\u00e3o se aplica a todos os casos, e n\u00e3o apenas \u00e0queles que n\u00e3o precisaram de interven\u00e7\u00f5es.<\/p><p>\u00a0 \u00a0 Mesmo para voc\u00ea que precisa de um tratamento, seja ele simples ou complexo, tamb\u00e9m aplicamos a ideia de preven\u00e7\u00e3o.<\/p><p>\u00a0 \u00a0 Avaliamos seu caso e planejamos uma reabilita\u00e7\u00e3o para que consigamos reequilibrar todas as fun\u00e7\u00f5es e est\u00e9tica. Uma vez conclu\u00eddo o tratamento, iniciamos um programa de preven\u00e7\u00e3o \u2013 assim seu tratamento tender\u00e1 a uma vida \u00fatil muito mais duradoura.<\/p>\t\t\t\t\t\t<\/div>\n\t\t\t\t<\/div>\n\t\t\t\t\t<\/div>\n\t\t<\/div>\n\t\t\t\t<div class=\"elementor-column elementor-col-50 elementor-top-column elementor-element elementor-element-1846bcd7\" data-id=\"1846bcd7\" data-element_type=\"column\">\n\t\t\t<div class=\"elementor-widget-wrap elementor-element-populated\">\n\t\t\t\t\t\t\t\t<div class=\"elementor-element elementor-element-202d1bb3 elementor-widget elementor-widget-image\" data-id=\"202d1bb3\" data-element_type=\"widget\" data-widget_type=\"image.default\">\n\t\t\t\t<div class=\"elementor-widget-container\">\n\t\t\t\t\t\t\t\t\t\t\t\t\t\t\t<img loading=\"lazy\" decoding=\"async\" width=\"683\" height=\"1024\" src=\"https:\/\/unionodontologia.com\/wp-content\/uploads\/2023\/03\/baby-gac2554561_1920-683x1024.jpg\" class=\"attachment-large size-large\" alt=\"\" srcset=\"https:\/\/unionodontologia.com\/wp-content\/uploads\/2023\/03\/baby-gac2554561_1920-683x1024.jpg 683w, https:\/\/unionodontologia.com\/wp-content\/uploads\/2023\/03\/baby-gac2554561_1920-200x300.jpg 200w, https:\/\/unionodontologia.com\/wp-content\/uploads\/2023\/03\/baby-gac2554561_1920-768x1152.jpg 768w, https:\/\/unionodontologia.com\/wp-content\/uploads\/2023\/03\/baby-gac2554561_1920-920x1380.jpg 920w, https:\/\/unionodontologia.com\/wp-content\/uploads\/2023\/03\/baby-gac2554561_1920-230x345.jpg 230w, https:\/\/unionodontologia.com\/wp-content\/uploads\/2023\/03\/baby-gac2554561_1920-350x525.jpg 350w, https:\/\/unionodontologia.com\/wp-content\/uploads\/2023\/03\/baby-gac2554561_1920-480x720.jpg 480w, https:\/\/unionodontologia.com\/wp-content\/uploads\/2023\/03\/baby-gac2554561_1920.jpg 1280w\" sizes=\"auto, (max-width: 683px) 100vw, 683px\" \/>\t\t\t\t\t\t\t\t\t\t\t\t\t\t\t<\/div>\n\t\t\t\t<\/div>\n\t\t\t\t\t<\/div>\n\t\t<\/div>\n\t\t\t\t\t\t\t<\/div>\n\t\t<\/section>\n\t\t\t\t<section class=\"elementor-section elementor-top-section elementor-element elementor-element-67cb51e4 elementor-section-content-middle elementor-reverse-tablet elementor-reverse-mobile elementor-section-stretched elementor-section-boxed elementor-section-height-default elementor-section-height-default\" data-id=\"67cb51e4\" data-element_type=\"section\" data-settings=\"{&quot;background_background&quot;:&quot;classic&quot;,&quot;stretch_section&quot;:&quot;section-stretched&quot;}\">\n\t\t\t\t\t\t<div class=\"elementor-container elementor-column-gap-no\">\n\t\t\t\t\t<div class=\"elementor-column elementor-col-100 elementor-top-column elementor-element elementor-element-129af537\" data-id=\"129af537\" data-element_type=\"column\">\n\t\t\t<div class=\"elementor-widget-wrap elementor-element-populated\">\n\t\t\t\t\t\t\t\t<div class=\"elementor-element elementor-element-2d72c587 elementor-widget elementor-widget-heading\" data-id=\"2d72c587\" data-element_type=\"widget\" data-widget_type=\"heading.default\">\n\t\t\t\t<div class=\"elementor-widget-container\">\n\t\t\t<style>\/*! elementor - v3.6.7 - 03-07-2022 *\/\n.elementor-heading-title{padding:0;margin:0;line-height:1}.elementor-widget-heading .elementor-heading-title[class*=elementor-size-]>a{color:inherit;font-size:inherit;line-height:inherit}.elementor-widget-heading .elementor-heading-title.elementor-size-small{font-size:15px}.elementor-widget-heading .elementor-heading-title.elementor-size-medium{font-size:19px}.elementor-widget-heading .elementor-heading-title.elementor-size-large{font-size:29px}.elementor-widget-heading .elementor-heading-title.elementor-size-xl{font-size:39px}.elementor-widget-heading .elementor-heading-title.elementor-size-xxl{font-size:59px}<\/style><h3 class=\"elementor-heading-title elementor-size-default\">E a\u00ed? Ainda tem alguma d\u00favida?\n\n<\/h3>\t\t<\/div>\n\t\t\t\t<\/div>\n\t\t\t\t<div class=\"elementor-element elementor-element-db080b2 elementor-align-center elementor-invisible elementor-widget elementor-widget-button\" data-id=\"db080b2\" data-element_type=\"widget\" data-settings=\"{&quot;_animation&quot;:&quot;fadeInUp&quot;}\" data-widget_type=\"button.default\">\n\t\t\t\t<div class=\"elementor-widget-container\">\n\t\t\t\t\t<div class=\"elementor-button-wrapper\">\n\t\t\t<a href=\"https:\/\/api.whatsapp.com\/send?phone=5561983179279&#038;text=Ol%C3%A1%2C%20meu%20contato%20veio%20do%20site.%20%20\" class=\"elementor-button-link elementor-button elementor-size-lg\" role=\"button\">\n\t\t\t\t\t\t<span class=\"elementor-button-content-wrapper\">\n\t\t\t\t\t\t\t<span class=\"elementor-button-icon elementor-align-icon-left\">\n\t\t\t\t<svg aria-hidden=\"true\" class=\"e-font-icon-svg e-fab-whatsapp\"><use xlink:href=\"#fab-whatsapp\" \/><\/svg>\t\t\t<\/span>\n\t\t\t\t\t\t<span class=\"elementor-button-text\">ESCREVE PRA GENTE!<\/span>\n\t\t<\/span>\n\t\t\t\t\t<\/a>\n\t\t<\/div>\n\t\t\t\t<\/div>\n\t\t\t\t<\/div>\n\t\t\t\t\t<\/div>\n\t\t<\/div>\n\t\t\t\t\t\t\t<\/div>\n\t\t<\/section>\n\t\t\t\t\t\t\t<\/div>\n\t\t","protected":false},"excerpt":{"rendered":"<p>Quem de n\u00f3s nunca ouviu que prevenir \u00e9 melhor que remediar?\u00a0 Falar [&hellip;]<\/p>\n","protected":false},"author":1,"featured_media":0,"parent":0,"menu_order":0,"comment_status":"closed","ping_status":"closed","template":"","meta":{"footnotes":""},"class_list":["post-3549","page","type-page","status-publish","hentry"],"_links":{"self":[{"href":"https:\/\/unionodontologia.com\/index.php?rest_route=\/wp\/v2\/pages\/3549","targetHints":{"allow":["GET"]}}],"collection":[{"href":"https:\/\/unionodontologia.com\/index.php?rest_route=\/wp\/v2\/pages"}],"about":[{"href":"https:\/\/unionodontologia.com\/index.php?rest_route=\/wp\/v2\/types\/page"}],"author":[{"embeddable":true,"href":"https:\/\/unionodontologia.com\/index.php?rest_route=\/wp\/v2\/users\/1"}],"replies":[{"embeddable":true,"href":"https:\/\/unionodontologia.com\/index.php?rest_route=%2Fwp%2Fv2%2Fcomments&post=3549"}],"version-history":[{"count":10,"href":"https:\/\/unionodontologia.com\/index.php?rest_route=\/wp\/v2\/pages\/3549\/revisions"}],"predecessor-version":[{"id":3904,"href":"https:\/\/unionodontologia.com\/index.php?rest_route=\/wp\/v2\/pages\/3549\/revisions\/3904"}],"wp:attachment":[{"href":"https:\/\/unionodontologia.com\/index.php?rest_route=%2Fwp%2Fv2%2Fmedia&parent=3549"}],"curies":[{"name":"wp","href":"https:\/\/api.w.org\/{rel}","templated":true}]}}